 q be o(-3). What is the units digit of b(q)?
1
Suppose -4 - 2 = 3*r. Let b(q) = -q**3 - q**2 + q - 1. What is the units digit of b(r)?
1
Suppose 0 + 4 = 2*n. Let r = -6 - -11. Suppose -n*c + r = 3*c. What is the units digit of c?
1
Let o be (3 + -5)/((-4)/(-10)). Let c(t) = 7*t + 2. Let q be c(-2). Let a = o - q. What is the units digit of a?
7
Suppose 0 = -0*h + 11*h - 132. What is the units digit of h?
2
Let s = 11 - 7. Let w = s + 4. What is the units digit of w?
8
Let u(x) = 6*x**2 + 7*x + 2*x**3 - 5*x**3 + 2*x**3 + 3. Let a be u(7). Suppose -3*b + 13 = -5*g, -a*b - 3*g + 21 = -0*b. What is the units digit of b?
6
Suppose 0 = 2*r + r + 12. Let u(a) = -3*a. Let q be u(r). Let g = 24 - q. What is the units digit of g?
2
Let c be (1 - 1)*(-1 - 0). Let l(d) = 3 - d + c*d - d**2 + 4. What is the units digit of l(0)?
7
Suppose 0 = 5*l + 3 - 18. Suppose -s - 2 = -l*s, 4*k - s - 3 = 0. What is the units digit of k?
1
Let x be 1/(-2) - (-13)/2. Suppose -x = -2*j + 10. What is the units digit of 138/j - (-2)/(-8)?
7
Let l(g) = -g**3 + 12*g**2 + 2*g - 7. What is the units digit of l(12)?
7
Suppose -m + 2*m - 76 = 0. Let t = m - 31. What is the tens digit of t?
4
Let m = 3 - -8. Suppose a = -0*a + m. What is the tens digit of a?
1
Let p be 6/((-1)/(2/(-2))). Let m(x) = 13*x - 10*x - 8*x - 5*x**2 + x**3 - 2. What is the units digit of m(p)?
4
Suppose 0 = 5*b + 4*w - 3, -2*b + w + 12 = b. Suppose 2*q = g - 0*g - 30, -b*g - q = -90. Let c = g + -20. What is the tens digit of c?
1
Suppose 4*f + 4 + 4 = 0. Let q be 3/((-3)/f) + 24. Suppose -10 = -4*g + q. What is the units digit of g?
9
Suppose 5*a = 4*w + 738, -5*a - 5*w = -270 - 450. What is the hundreds digit of a?
1
Suppose -2*k = -2 - 6. Suppose -40 = -4*r - k. What is the units digit of r?
9
Suppose -q + 4 = 1. Suppose 4*z = q*z + 1. What is the units digit of 1*(-1 - -12)/z?
1
Let s(u) = -u**2 + 4*u - 1. Suppose 5 + 13 = -g - 4*i, 4*i + 20 = 0. Let h be s(g). What is the units digit of (h*-1)/9*-21?
7
Let s be -3 + -2 + 2 + -1. Let w be ((-144)/(-16))/(3/(-2)). What is the units digit of (0 + 14)*w/s?
1
Suppose -c = 6 - 19. What is the units digit of c?
3
Let m(a) = 15*a + 1. Let u be (-1)/(-1) + (0 - 0). Let y be m(u). Suppose -2 = -p + y. What is the units digit of p?
8
Let n = -51 - -92. What is the units digit of n?
1
Let h(w) = 18*w + 1. Let c be h(3). Suppose 5*j + 3*i = c, -i = 2*i. What is the units digit of j?
1
Let c(q) = 5 - 2*q + 5 - 12. What is the tens digit of c(-7)?
1
Let n(s) = 3*s**2 + 3*s - 3. Let y be ((-24)/(-10))/(9/30). Suppose 3*t - d + 11 = -0*d, y = 4*d. What is the units digit of n(t)?
5
Suppose -i - 3*q + 16 = 0, 0 = 2*i + i - 3*q. Let g be (-2)/(i/6*1). Let u = 5 + g. What is the units digit of u?
2
Let o = 200 + 152. What is the hundreds digit of o?
3
Let m be ((-2)/5)/(3/(-30)). Suppose -m*t + 4 = 0, -5*z - 27 = -3*t + 11. Let u = 12 + z. What is the units digit of u?
5
Let s(q) = -q**2 - 10*q - 11. Let b be s(-8). Suppose -3*m + b*m = 52. What is the units digit of m?
6
What is the units digit of 6/(48/550) - 3/(-12)?
9
Let w(u) = 8*u**2 + 7*u - 10. What is the tens digit of w(5)?
2
Let k(u) = u**2 + 1. Let g be k(0). Let l = 9 - g. What is the units digit of l?
8
Let i(b) = 7*b - 15. Let w be i(7). Suppose 4*p + w - 134 = 4*h, -4*p = -2*h - 98. What is the units digit of p?
4
Let g = 17 + -13. What is the units digit of g?
4
Suppose 1121 = 10*w - 1049. What is the units digit of w?
7
Let n = -5 + 15. Suppose 5*g = -0*g - n. Let r(l) = 3*l**2 + 2*l + 1. What is the units digit of r(g)?
9
Let g(o) = -2*o**2 - 23*o - 1. What is the tens digit of g(-6)?
6
Suppose -2*k - 9 = -5*k. What is the units digit of k?
3
What is the hundreds digit of (2/6)/(6385/(-2130) + 3)?
1
Let s(a) = 2*a**2 + 10*a + 6. What is the tens digit of s(-7)?
3
Let n(a) = -a**2 + 6*a + 4. Let u be n(6). Suppose u*d = d - 4*v + 15, 18 = 3*d + 5*v. What is the units digit of -3 + (2 - d) - -7?
5
Let f be (72/14)/(6/28). Suppose 5*m + 55 = 4*l, l + 2*l - f = -2*m. What is the units digit of l?
0
Suppose -4*c - 1 - 3 = 0. What is the units digit of c/(4/(-6))*6?
9
Let f(o) = 2*o + 7. Let v = 22 - 15. What is the units digit of f(v)?
1
Let o = 19 - 15. Suppose -4*l + 5*c + 97 = -0*l, 5*l + o*c = 111. What is the units digit of l?
3
Let n = -3 - -9. Suppose -2*b = -n*b. Let d = 11 - b. What is the tens digit of d?
1
What is the tens digit of ((-192)/9)/((-2)/3)?
3
Suppose 67 = 4*y - 89. Let t = -18 + y. What is the units digit of t?
1
Suppose h + y = 23, h + 13 = -4*y + 51. What is the units digit of h?
8
Let k(z) = z**3 + 4*z**2 - 8*z - 6. What is the units digit of k(-5)?
9
Let b(k) be the third derivative of -k**5/60 + 7*k**4/24 + 2*k**3/3 + 2*k**2. Let q be b(7). Let v = q - -4. What is the units digit of v?
8
Let p(i) = 7*i - 2. What is the units digit of p(11)?
5
Let v be (-105)/2*(-4)/(-3). Let l = -42 - v. Suppose -2*g + l = 2*y, 10 + 43 = 4*g + y. What is the units digit of g?
3
What is the units digit of (-11)/((-11)/(-2)) + 355*1?
3
Let s = -11 + 16. Let w(a) = a**3 - 4*a**2 - 2*a - 7. Let d be w(s). What is the units digit of 5/4*d/2?
5
Let v be (1 - -11)*2/(-3). Suppose 5*n = -4*y - y - 105, 0 = -5*y - 3*n - 99. Let j = v - y. What is the tens digit of j?
1
Let a(z) = z**3 + z**2 + 11. Suppose 0*n = -n. What is the tens digit of a(n)?
1
Let f(t) = t - 5. Let a be f(5). Suppose j - 1 = -a. What is the units digit of (j/3)/(2/18)?
3
Suppose -19*b + 18*b = -76. What is the tens digit of b?
7
Let t(l) = 5*l - 13*l**2 + 12*l**2 + 10*l. What is the tens digit of t(11)?
4
Let v = 5 - 2. Suppose -1 - 41 = -v*j. What is the units digit of j?
4
Suppose -2*x = -4*g + 28, 0 = -4*g + x + 4*x + 28. What is the units digit of g?
7
Let g be (6/(-14))/(3/(-21)). Suppose -h - g*h = -12. What is the units digit of h?
3
Let t = -44 + 67. Suppose q = 3*a + 43, -3*a = -7*q + 2*q + t. Let c = 25 + a. What is the units digit of c?
9
Suppose -5*j - 4*f + 244 = 6, -j + 65 = -5*f. Suppose -4*b + j = b. What is the tens digit of b?
1
Let p be (-3 + 4)*2/(-2). Let b(n) = -8*n**2 - n - 1. Let j be b(p). Let u = 0 - j. What is the units digit of u?
8
Let j(l) = -9*l**3 - 4*l**2 + 4*l. Let s = 10 - 14. Let z(m) = 55*m**3 + 25*m**2 - 25*m. Let i(b) = s*z(b) - 25*j(b). What is the units digit of i(1)?
5
Let x = -1 - -1. Suppose -a = -x - 3. Suppose 15 = 3*n - a. What is the units digit of n?
6
Let l = 48 + -72. Suppose -3*s + 28 = 4*t + 138, 2*t + 38 = -s. Let x = l - s. What is the units digit of x?
0
Let q(p) = p**2 - 11*p - 14. What is the tens digit of q(13)?
1
Suppose 0 = -2*u - 2*s - 4, u - 10 = 6*u + s. What is the units digit of 7 - (-1 + 3)/u?
8
Suppose -3*c = -c. Suppose c = -3*w - 2 + 14. Suppose -w*l - 3*r + 26 = 0, 2*l - 12 = -0*l - r. What is the units digit of l?
5
Suppose 7 + 17 = 2*y. What is the tens digit of (y - 11)*(-34)/(-2)?
1
Let w = 92 + -52. What is the units digit of w?
0
Let x(w) be the first derivative of w**4/4 - 2*w**3/3 + w**2 - 2*w + 1. Suppose -2*y + 0*y + 4 = 0. What is the units digit of x(y)?
2
Let v(z) = -z**2 - 6*z. Let u(w) = -w - 6. Let h be u(-6). Suppose 5*x - 2*i + 20 = 0, -x + 0*x + 2*i - 4 = h. What is the units digit of v(x)?
8
Let z = 1 - -3. Suppose -z*m + 33 = -m. What is the units digit of m?
1
Let i = -103 - -19. What is the units digit of i/(-16) + 1/(-4)?
5
Let d(z) = -z**2 + 10*z - 10. Let m be d(9). What is the units digit of 570/24 + m/(-4)?
4
Let c be (0 + 3)*2/3. What is the units digit of (c*(-4)/(-8))/1?
1
Suppose -2*w - 5*o = -19, -6*w + 5*w - 4*o + 11 = 0. What is the units digit of w?
7
Suppose -k + 5*v = 45, -2 + 4 = -2*v. Let t = k + 73. What is the units digit of t?
3
Suppose 4 = 2*y + 4*v, -7*y + 22 = -3*y + v. What is the units digit of (2/y)/(1/6)?
2
What is the units digit of 38/5 + 10/25?
8
Let c(y) = -y + 2. Let s be (6/10)/((-1)/(-10)). Let v be c(s). Let w(n) = -n**2 - 10*n - 2. What is the units digit of w(v)?
2
Suppose 4*x = -3*s - 0*s - 22, 3 = -3*x. Let r be (-10)/(-6) + s/9. Suppose j - 2*u - 8 - r = 0, -4*u = 2*j - 10. What is the units digit of j?
7
Let c = 4 - 6. What is the units digit of (-3)/(c*(-1)/(-4))?
6
Let a(l) = -10*l - 1. Suppose 2*b = -3*b + 5. Suppose 5 = -5*n - 4*q, -q + 5 = -4*n + b. What is the units digit of a(n)?
9
Let t(